n base 16?
-144
Convert -1034 (base 5) to base 8.
-220
What is 3434 (base 7) in base 15?
585
Convert -22230 (base 4) to base 9.
-840
What is 104023 (base 6) in base 2?
10000111001111
Convert -70 (base 10) to base 13.
-55
-449 (base 12) to base 7
-1563
4b (base 13) to base 10
63
What is 111011101110 (base 2) in base 12?
2266
What is 426 (base 12) in base 8?
1136
What is -55 (base 9) in base 14?
-38
Convert -77d (base 14) to base 8.
-2713
558 (base 9) to base 7
1223
Convert 395 (base 15) to base 6.
3435
Convert -10112 (base 3) to base 10.
-95
-1001100 (base 3) to base 8
-1375
Convert 1ca (base 13) to base 6.
1315
-8fc (base 16) to base 4
-203330
402310 (base 6) to base 9
47366
What is -27a7 (base 15) in base 9?
-12564
Convert -160 (base 12) to base 7.
-426
Convert -103 (base 15) to base 13.
-147
What is -20102 (base 4) in base 3?
-201122
Convert 766 (base 15) to base 11.
128a
What is 500 (base 9) in base 15?
1c0
Convert -3883 (base 9) to base 8.
-5536
Convert 14256 (base 12) to base 14.
a2c2
-2635 (base 8) to base 3
-1222020
-2102241 (base 5) to base 13
-12a3c
-155 (base 16) to base 13
-203
What is -20051 (base 7) in base 12?
-2972
What is 1dd7 (base 16) in base 3?
101110221
-3390 (base 10) to base 3
-11122120
What is -1110101010 (base 2) in base 5?
-12223
What is -4a7 (base 12) in base 14?
-383
What is 31234 (base 5) in base 2?
100000010101
-20432 (base 9) to base 14
-4ca7
Convert -18268 (base 9) to base 2.
-11000101001001
What is 223012 (base 4) in base 3?
10210011
2b02 (base 14) to base 3
101111012
Convert -123 (base 15) to base 14.
-146
What is -11a (base 11) in base 5?
-1032
Convert 144 (base 12) to base 15.
d1
What is ee0 (base 16) in base 9?
5201
-2142 (base 6) to base 5
-3434
-636 (base 10) to base 8
-1174
What is -12021200 (base 3) in base 11?
-2992
What is 1433 (base 11) in base 4?
130323
Convert 2826 (base 13) to base 15.
1aa3
Convert -1212 (base 5) to base 16.
-b6
Convert 13216 (base 9) to base 6.
105153
What is -1a7c (base 13) in base 8?
-7626
Convert -25123 (base 6) to base 10.
-3723
What is 604 (base 13) in base 5?
13033
Convert 11011111001 (base 2) to base 8.
3371
What is 11010101110 (base 2) in base 16?
6ae
What is 13245 (base 6) in base 14?
a61
What is 9ab7 (base 12) in base 6?
211151
-235431 (base 6) to base 4
-11003023
What is -21a0 (base 11) in base 7?
-11302
-2217 (base 11) to base 16
-b6a
What is 210122022 (base 3) in base 14?
5a6c
What is -47 (base 13) in base 4?
-323
-414b (base 12) to base 14
-2843
655 (base 13) to base 16
43c
-d7 (base 16) to base 9
-258
Convert -8c (base 15) to base 2.
-10000100
What is -221212 (base 4) in base 6?
-20154
-25d (base 15) to base 11
-44a
Convert 11010110101101 (base 2) to base 4.
3112231
What is 15a (base 15) in base 12?
21a
What is -1509 (base 13) in base 5?
-44201
Convert 10514 (base 10) to base 13.
4a2a
What is 20202 (base 4) in base 14?
2b0
Convert -65b (base 14) to base 3.
-1201120
Convert -560 (base 16) to base 5.
-21001
-110132113 (base 4) to base 13
-2c230
What is -319 (base 11) in base 5?
-3013
1b10 (base 14) to base 16
1332
What is -94 (base 13) in base 15?
-81
Convert a12 (base 12) to base 14.
75c
11625 (base 7) to base 15
d8c
Convert 10131 (base 5) to base 14.
358
-157d (base 16) to base 12
-3225
What is 23246 (base 8) in base 15?
2de9
Convert 1018 (base 9) to base 7.
2114
Convert a22 (base 12) to base 3.
2000022
-14625 (base 10) to base 8
-34441
What is -1536 (base 8) in base 15?
-3c7
What is 1211001 (base 3) in base 14?
6a8
2187 (base 12) to base 4
321313
35a (base 14) to base 9
822
What is 44402 (base 5) in base 11?
2370
Convert -2060 (base 9) to base 12.
-a60
-1111110110 (base 2) to base 6
-4410
What is 24123 (base 5) in base 6?
12140
What is -2c1 (base 13) in base 11?
-410
Convert 11120 (base 3) to base 9.
146
285 (base 12) to base 3
112102
-5134 (base 15) to base 6
-211221
What is 1662 (base 7) in base 13?
405
11010111100 (base 2) to base 5
23344
Convert 20d5 (base 15) to base 16.
1b26
-6874 (base 10) to base 3
-100102121
What is 27546 (base 9) in base 16?
48f0
310211 (base 4) to base 15
ee5
What is 1026a (base 11) in base 10?
14959
What is -e5 (base 15) in base 5?
-1330
Convert -14414 (base 10) to base 9.
-21685
Convert 445 (base 8) to base 4.
10211
Convert 4a1 (base 15) to base 12.
737
What is 122301 (base 4) in base 6?
11533
What is 1011101000001000 (base 2) in base 16?
ba08
-41571 (base 8) to base 7
-101234
What is -11cc (base 13) in base 7?
-10250
-943 (base 10) to base 6
-4211
-242 (base 13) to base 9
-475
Convert -11331 (base 5) to base 3.
-1011011
What is 1377 (base 9) in base 7?
3016
What is 22c3a (base 14) in base 10?
84724
Convert -777 (base 16) to base 6.
-12503
Convert -269 (base 13) to base 3.
-120202
What is -2e4a (base 16) in base 8?
-27112
1120 (base 5) to base 4
2200
Convert 773 (base 11) to base 5.
12202
133324 (base 6) to base 3
122001121
Convert a6 (base 12) to base 15.
86
Convert -675 (base 12) to base 7.
-2531
-111202 (base 4) to base 6
-10214
Convert 10112020 (base 4) to base 3.
220102021
What is -110101101000101 (base 2) in base 5?
-1334321
11000011 (base 4) to base 11
14433
What is -202122101 (base 3) in base 2?
-11101011001001
What is 4762 (base 9) in base 4?
313103
Convert 22233 (base 5) to base 2.
11000100000
What is 41a9 (base 15) in base 13?
6420
Convert -50212 (base 6) to base 11.
-4a24
Convert -1002222211 (base 3) to base 13.
-9c4c
What is 3605 (base 8) in base 13?
b51
What is -306 (base 7) in base 15?
-a3
-83ba (base 16) to base 12
-17622
-61b (base 14) to base 5
-14301
What is -19ea (base 16) in base 2?
-1100111101010
What is 31278 (base 11) in base 4?
23020031
102200 (base 3) to base 16
13b
-aa7 (base 12) to base 4
-120133
What is -122405 (base 6) in base 7?
-43631
What is 2410304 (base 5) in base 12?
21886
Convert 1420 (base 7) to base 14.
2b7
Convert -736 (base 14) to base 2.
-10110001100
Convert -31d4 (base 14) to base 13.
-3bc8
What is -103301 (base 4) in base 5?
-20030
9a (base 15) to base 11
122
What is -223310 (base 4) in base 11?
-211a
What is -127 (base 10) in base 3?
-11201
What is 1065 (base 11) in base 12?
98a
Convert c11 (base 16) to base 13.
1538
66457 (base 9) to base 7
242422
Convert 30321 (base 5) to base 9.
2618
What is 1353 (base 7) in base 15?
253
Convert 12432 (base 5) to base 12.
6a8
What is -71 (base 15) in base 7?
-211
64716 (base 8) to base 16
69ce
What is -2156 (base 15) in base 12?
-4100
What is 103310 (base 4) in base 11?
a53
5252 (base 6) to base 9
1555
8933 (base 13) to base 10
19139
-958a (base 15) to base 7
-161134
What is 726 (base 13) in base 8?
2277
Convert -140247 (base 8) to base 15.
-e92e
20032031 (base 4) to base 14
c3b7
What is -102333 (base 4) in base 11?
-a05
-554 (base 8) to base 15
-194
Convert -22214 (base 10) to base 12.
-10a32
Convert 2711 (base 8) to base 6.
10505
-17a2 (base 11) to base 10
-2290
What is -3551 (base 9) in base 6?
-20114
Convert 3a60 (base 11) to base 16.
1495
Convert -46a (base 11) to base 9.
-682
-20344 (base 6) to base 10
-2728
104204 (base 5) to base 7
13504
What is -122200000 (base 3) in base 11?
-9749
2820 (base 13) to base 5
141042
What is -1353 (base 7) in base 11?
-440
40313 (base 6) to base 2
1010010110101
Convert -450 (base 7) to base 15.
-106
17b0c (base 13) to base 12
22617
-235404 (base 6) to base 7
-114154
What is 4cdc (base 15) in base 10?
16407
Convert -22311 (base 4) to base 3.
-221200
What is -32344 (base 5) in base 2?
-100010110000
What is 14300 (base 7) in base 5?
111140
3311 (base 6) to base 2
1011111011
13213311 (base 4) to base 10
31221
What is 11b4 (base 14) in base 9?
4222
-676 (base 10) to base 13
-400
What is -10011001000011 (base 2) in base 5?
-303140
What is 2322223 (base 4) in base 15?
3817
-9559 (base 13) to base 3
-1001101101
c50 (base 14) to base 6
15114
-102017 (base 8) to base 3
-1201101010
-2dce (base 15) to base 8
-23215
What is -3d6 (base 16) in base 6?
-4314
-16047 (base 11) to base 6
-252554
bb6 (base 15) to base 16
a56
What is -65 (base 10) in base 14?
-49
What is b45 (base 13) in base 10?
1916
12c2 (base 13) to base 15
be8
Convert -404 (base 5) to base 6.
-252
1b0 (base 14) to base 15
185
-107b (base 12) to base 2
-11100011111
19841 (base 11) to base 15
82c3
40521 (base 10) to base 12
1b549
What is -e0d (base 16) in base 8?
